 8?
-116
Convert -13d (base 15) to base 4.
-10123
What is 203 (base 4) in base 10?
35
-5 (base 10) to base 14
-5
5 (base 14) to base 12
5
Convert 4 (base 10) to base 11.
4
101 (base 2) to base 15
5
What is 0 (base 5) in base 13?
0
Convert 20 (base 5) to base 6.
14
What is -2 (base 15) in base 6?
-2
What is -10000 (base 2) in base 10?
-16
Convert 40 (base 6) to base 12.
20
What is -7 (base 10) in base 3?
-21
-1 (base 4) to base 9
-1
-87 (base 10) to base 12
-73
What is 0 (base 2) in base 14?
0
What is -15 (base 10) in base 14?
-11
What is 2 (base 5) in base 13?
2
What is -11 (base 11) in base 4?
-30
0 (base 13) to base 3
0
-10 (base 7) to base 6
-11
-10 (base 14) to base 7
-20
What is 1 (base 14) in base 9?
1
Convert 1 (base 11) to base 6.
1
Convert -44 (base 7) to base 14.
-24
What is -5 (base 7) in base 9?
-5
What is -41 (base 5) in base 10?
-21
Convert -12 (base 9) to base 7.
-14
What is -7 (base 15) in base 2?
-111
Convert -11 (base 3) to base 13.
-4
Convert 15 (base 14) to base 3.
201
Convert -136 (base 11) to base 12.
-114
49 (base 11) to base 10
53
What is -14 (base 10) in base 3?
-112
What is -1b (base 13) in base 10?
-24
-3 (base 4) to base 10
-3
-1 (base 15) to base 10
-1
-1 (base 6) to base 10
-1
Convert -6 (base 10) to base 9.
-6
What is 221 (base 7) in base 4?
1301
-11 (base 7) to base 6
-12
Convert -125 (base 10) to base 9.
-148
-1 (base 12) to base 5
-1
Convert 1 (base 9) to base 4.
1
Convert -4a (base 13) to base 10.
-62
Convert 100221 (base 3) to base 15.
12d
Convert -102220 (base 3) to base 10.
-321
Convert -207 (base 12) to base 6.
-1211
Convert -9 (base 13) to base 7.
-12
Convert 5 (base 8) to base 4.
11
-a (base 11) to base 6
-14
What is 12 (base 6) in base 3?
22
d (base 15) to base 7
16
323 (base 4) to base 16
3b
6 (base 9) to base 4
12
What is -322 (base 5) in base 10?
-87
What is -3 (base 15) in base 3?
-10
0 (base 3) to base 9
0
Convert -28 (base 13) to base 4.
-202
What is 100000 (base 2) in base 16?
20
-40 (base 6) to base 13
-1b
161 (base 7) to base 6
232
Convert -11101 (base 2) to base 3.
-1002
Convert -22 (base 10) to base 13.
-19
Convert -412 (base 8) to base 14.
-150
1 (base 14) to base 3
1
Convert 7 (base 11) to base 3.
21
What is 2 (base 12) in base 3?
2
What is -8 (base 13) in base 10?
-8
Convert 3 (base 9) to base 6.
3
Convert -1 (base 2) to base 15.
-1
-3 (base 12) to base 15
-3
Convert -3 (base 15) to base 8.
-3
What is -5 (base 10) in base 8?
-5
What is 11 (base 12) in base 8?
15
Convert 74 (base 16) to base 13.
8c
-11 (base 2) to base 13
-3
What is 1 (base 3) in base 16?
1
What is -59 (base 13) in base 2?
-1001010
Convert -3 (base 14) to base 12.
-3
Convert 2 (base 10) to base 11.
2
What is -3e (base 15) in base 2?
-111011
14 (base 6) to base 14
a
-1101110 (base 2) to base 13
-86
Convert -3 (base 14) to base 13.
-3
Convert 100 (base 2) to base 10.
4
What is -31 (base 11) in base 5?
-114
What is -53 (base 6) in base 5?
-113
1 (base 10) to base 2
1
Convert -4 (base 11) to base 6.
-4
Convert -8 (base 13) to base 11.
-8
-1222 (base 3) to base 12
-45
What is -10 (base 5) in base 16?
-5
What is 100 (base 10) in base 15?
6a
What is 2 (base 13) in base 2?
10
Convert -8 (base 12) to base 6.
-12
57 (base 10) to base 15
3c
12 (base 6) to base 5
13
Convert -b (base 14) to base 9.
-12
Convert -4 (base 11) to base 4.
-10
What is 1d (base 15) in base 13?
22
What is 121 (base 4) in base 13?
1c
What is -194 (base 14) in base 8?
-506
What is -2242 (base 5) in base 9?
-387
Convert -1 (base 5) to base 6.
-1
Convert -32 (base 12) to base 4.
-212
What is 40 (base 8) in base 7?
44
What is 3 (base 11) in base 10?
3
Convert 13 (base 5) to base 7.
11
Convert 0 (base 2) to base 7.
0
Convert 8 (base 11) to base 5.
13
What is -147 (base 16) in base 7?
-645
Convert -46 (base 10) to base 5.
-141
Convert -1010001 (base 2) to base 14.
-5b
84 (base 13) to base 10
108
Convert 10110 (base 3) to base 15.
63
What is 14 (base 7) in base 2?
1011
23 (base 7) to base 12
15
-55 (base 11) to base 13
-48
70 (base 15) to base 2
1101001
Convert 11001 (base 2) to base 8.
31
-71 (base 10) to base 7
-131
24 (base 13) to base 7
42
Convert 1100 (base 2) to base 14.
c
-35 (base 13) to base 9
-48
-213 (base 6) to base 16
-51
Convert -30 (base 6) to base 8.
-22
-2 (base 14) to base 8
-2
Convert 4 (base 16) to base 4.
10
Convert 9 (base 10) to base 12.
9
Convert 1110110 (base 2) to base 14.
86
What is 4 (base 13) in base 6?
4
-10 (base 5) to base 7
-5
Convert -16 (base 13) to base 15.
-14
1111011 (base 2) to base 13
96
What is -4 (base 12) in base 4?
-10
-41 (base 9) to base 4
-211
What is -4c (base 14) in base 9?
-75
Convert -70 (base 14) to base 12.
-82
Convert 24 (base 5) to base 12.
12
Convert -10 (base 10) to base 12.
-a
-195 (base 13) to base 6
-1203
12 (base 12) to base 13
11
-21 (base 7) to base 6
-23
Convert -14 (base 5) to base 2.
-1001
Convert 1b (base 14) to base 12.
21
What is -3c (base 16) in base 6?
-140
Convert 2 (base 15) to base 13.
2
What is 20 (base 3) in base 11?
6
Convert 13 (base 7) to base 15.
a
Convert 1c (base 14) to base 12.
22
Convert -5 (base 16) to base 2.
-101
Convert 12 (base 6) to base 5.
13
-6 (base 7) to base 12
-6
What is -3 (base 4) in base 3?
-10
Convert -2 (base 5) to base 2.
-10
-1100 (base 3) to base 8
-44
What is -5 (base 13) in base 9?
-5
Convert -3 (base 7) to base 9.
-3
Convert 1a (base 12) to base 5.
42
What is -62 (base 11) in base 4?
-1010
Convert -13 (base 5) to base 13.
-8
What is -14 (base 9) in base 12?
-11
-12 (base 8) to base 9
-11
What is 13 (base 12) in base 4?
33
What is 4d (base 15) in base 7?
133
What is 110 (base 2) in base 3?
20
-1 (base 7) to base 11
-1
What is 4 (base 6) in base 15?
4
Convert 2 (base 7) to base 10.
2
10 (base 3) to base 4
3
2 (base 10) to base 9
2
What is 1011 (base 3) in base 9?
34
What is 33 (base 12) in base 14?
2b
Convert -121 (base 5) to base 15.
-26
Convert 2 (base 6) to base 15.
2
Convert -11 (base 9) to base 10.
-10
What is 0 (base 4) in base 14?
0
What is -2b (base 12) in base 3?
-1022
14 (base 7) to base 16
b
What is 261 (base 8) in base 15?
bc
103 (base 14) to base 7
403
10000 (base 2) to base 15
11
What is 50 (base 8) in base 9?
44
-1 (base 7) to base 15
-1
Convert 1012 (base 3) to base 13.
26
What is 4 (base 10) in base 16?
4
39 (base 13) to base 8
60
-112 (base 6) to base 14
-32
-2 (base 12) to base 5
-2
18a (base 12) to base 10
250
What is 1 (base 16) in base 5?
1
Convert 122 (base 7) to base 2.
1000001
Convert 23 (base 12) to base 15.
1c
What is 30 (base 14) in base 3?
1120
Convert 21 (base 8) to base 15.
12
-21 (base 3) to base 12
-7
What is -4 (base 5) in base 3?
-11
234 (base 6) to base 8
136
Convert -23 (base 7) to base 9.
-18
Convert -313 (base 6) to base 7.
-225
What is 10 (base 2) in base 15?
2
-28 (base 16) to base 10
-40
Convert -10 (base 4) to base 3.
-11
What is -321 (base 4) in base 13?
-45
What is -1133 (base 4) in base 16?
-5f
Convert 0 (base 2) to base 9.
0
Convert -10000 (base 2) to base 5.
-31
-b (base 12) to base 3
-102
Convert -76 (base 14) to base 13.
-80
Convert 7 (base 10) to base 3.
21
What is 5 (base 11) in base 13?
5
-2330 (base 4) to base 7
-356
-1 (base 10) to base 13
-1
What is -21b (base 12) in base 2?
-100110111
What is -238 (base 13) in base 2?
-110000001
What is -111 (base 2) in base 15?
-7
0 (base 16) to base 5
0
Convert -8 (base 13) to base 6.
-12
Convert -263 (base 10) to base 16.
-107
Convert -74 (base 10) to base 13.
-59
Convert 11 (base 5) to base 15.
6
What is 11 (base 2) in base 8?
3
What is 0 (base 3) in base 10?
0
Convert -23 (base 8) to base 9.
-21
What is 17 (base 10) in base 12?
15
Convert -4 (base 7) to base 16.
-4
Convert 20 (base 3) to base 13.
6
What is -100 (base 2) in base 4?
-10
What is 4 (base 5) in base 14?
4
-3 (base 14) to base 15
-3
Convert -1 (base 8) to base 2.
-1
2 (base 9) to base 6
2
Convert -9 (base 15) to base 10.
-9
What is 1 (base 2) in base 11?
1
-6e (base 15) to base 2
-1101000
175 (base 11) to base 6
535
-2000 (base 4) to base 12
-a8
What is 53 (base 9) in base 4?
300
Convert 3 (base 10) to base 12.
3
Convert -a (base 16) to base 15.
-a
Convert -5 (base 16) to base 4.
-11
-34 (base 15) to base 9
-54
Convert 312 (base 6) to base 10.
116
Convert 3 (base 12) to base 11.
3
Convert 2 (base 16) to b